{"id":104,"date":"2015-11-05T16:54:03","date_gmt":"2015-11-05T15:54:03","guid":{"rendered":"http:\/\/www.fotowolt-instal.pl\/blog\/?page_id=104"},"modified":"2017-03-13T20:27:37","modified_gmt":"2017-03-13T19:27:37","slug":"zamowienie","status":"publish","type":"page","link":"https:\/\/fwinstal.pl\/blog\/zamowienie","title":{"rendered":"Zapytanie o zestaw"},"content":{"rendered":"\n<div class=\"wpcf7 no-js\" id=\"wpcf7-f103-o1\" lang=\"pl-PL\" dir=\"ltr\">\n<div class=\"screen-reader-response\"><p role=\"status\" aria-live=\"polite\" aria-atomic=\"true\"><\/p> <ul><\/ul><\/div>\n<form action=\"\/blog\/wp-json\/wp\/v2\/pages\/104#wpcf7-f103-o1\" method=\"post\" class=\"wpcf7-form init\" aria-label=\"Formularz kontaktowy\" novalidate=\"novalidate\" data-status=\"init\">\n<div style=\"display: none;\">\n<input type=\"hidden\" name=\"_wpcf7\" value=\"103\" \/>\n<input type=\"hidden\" name=\"_wpcf7_version\" value=\"5.8.2\" \/>\n<input type=\"hidden\" name=\"_wpcf7_locale\" value=\"pl_PL\" \/>\n<input type=\"hidden\" name=\"_wpcf7_unit_tag\" value=\"wpcf7-f103-o1\" \/>\n<input type=\"hidden\" name=\"_wpcf7_container_post\" value=\"0\" \/>\n<input type=\"hidden\" name=\"_wpcf7_posted_data_hash\" value=\"\" \/>\n<\/div>\n<p>W celu zapytania o zestaw prosimy o wype\u0142nienie i przes\u0142anie poni\u017cszego formularza\n<\/p>\n<p>Imi\u0119 i nazwisko\n<\/p>\n<p><span class=\"wpcf7-form-control-wrap\" data-name=\"your-name\"><input size=\"40\" class=\"wpcf7-form-control wpcf7-text wpcf7-validates-as-required\" aria-required=\"true\" aria-invalid=\"false\" value=\"\" type=\"text\" name=\"your-name\" \/><\/span>\n<\/p>\n<p>Adres\n<\/p>\n<p><span class=\"wpcf7-form-control-wrap\" data-name=\"Adres\"><input size=\"40\" class=\"wpcf7-form-control wpcf7-text wpcf7-validates-as-required\" aria-required=\"true\" aria-invalid=\"false\" value=\"\" type=\"text\" name=\"Adres\" \/><\/span>\n<\/p>\n<p>Telefon kontaktowy\n<\/p>\n<p><span class=\"wpcf7-form-control-wrap\" data-name=\"Telefonkontaktowy\"><input size=\"40\" class=\"wpcf7-form-control wpcf7-tel wpcf7-validates-as-required wpcf7-text wpcf7-validates-as-tel\" aria-required=\"true\" aria-invalid=\"false\" value=\"\" type=\"tel\" name=\"Telefonkontaktowy\" \/><\/span>\n<\/p>\n<p>Adres email\n<\/p>\n<p><span class=\"wpcf7-form-control-wrap\" data-name=\"your-email\"><input size=\"40\" class=\"wpcf7-form-control wpcf7-email wpcf7-validates-as-required wpcf7-text wpcf7-validates-as-email\" aria-required=\"true\" aria-invalid=\"false\" value=\"\" type=\"email\" name=\"your-email\" \/><\/span>\n<\/p>\n<p>Zainteresowanie zestawem\n<\/p>\n<p><span class=\"wpcf7-form-control-wrap\" data-name=\"your-subject\"><select class=\"wpcf7-form-control wpcf7-select wpcf7-validates-as-required\" id=\"zestaw\" aria-required=\"true\" aria-invalid=\"false\" name=\"your-subject\"><option value=\"FRONIUS-RESERVA\">FRONIUS-RESERVA<\/option><option value=\"SMA-HOME-STORAGE\">SMA-HOME-STORAGE<\/option><option value=\"SOLAREDGE-HOME\">SOLAREDGE-HOME<\/option><\/select><\/span>\n<\/p>\n<p>Dodatkowe informacje\n<\/p>\n<p><span class=\"wpcf7-form-control-wrap\" data-name=\"your-message\"><textarea cols=\"40\" rows=\"10\" class=\"wpcf7-form-control wpcf7-textarea\" aria-invalid=\"false\" name=\"your-message\"><\/textarea><\/span>\n<\/p>\n<p><input class=\"wpcf7-form-control wpcf7-submit has-spinner\" type=\"submit\" value=\"Wy\u015blij\" \/>\n<\/p>\n<p><span class=\"wpcf7-form-control-wrap\" data-name=\"checkbox-217\"><span class=\"wpcf7-form-control wpcf7-checkbox wpcf7-validates-as-required\"><span class=\"wpcf7-list-item first last\"><input type=\"checkbox\" name=\"checkbox-217[]\" value=\"Zgoda na przetwarzanie danych osobowych\" \/><span class=\"wpcf7-list-item-label\">Zgoda na przetwarzanie danych osobowych<\/span><\/span><\/span><\/span><a href=\"#\" title=\"Wyra\u017cam zgod\u0119 na przetwarzanie moich danych osobowych przez FW-Instal, Mragowska 70, Wroc\u0142aw, w celach kontaktowych zgodnie z ustaw\u0105 z dnia 29 sierpnia 1997 r. o ochronie danych osobowych (Dz.U.2002.101.926 j.t. z p\u00f3\u017an. zm.), dalej: ustawa. Przyjmuj\u0119 do wiadomo\u015bci, i\u017c podanie danych osobowych jest dobrowolne, a moje dane b\u0119d\u0105 chronione zgodnie z ustaw\u0105, przys\u0142uguje mi tak\u017ce prawo do dost\u0119pu do tre\u015bci moich danych osobowych oraz prawo do \u017c\u0105dania ich poprawiania, uzupe\u0142niania lub usuni\u0119cia zgodnie z art. 32 i nast. ustawy.\" data-tooltip class=\"has-tip\">wi\u0119cej...<\/a>\n<\/p><div class=\"wpcf7-response-output\" aria-hidden=\"true\"><\/div>\n<\/form>\n<\/div>\n\n","protected":false},"excerpt":{"rendered":"","protected":false},"author":1,"featured_media":0,"parent":0,"menu_order":0,"comment_status":"closed","ping_status":"closed","template":"","meta":{"footnotes":""},"yoast_head":"<!-- This site is optimized with the Yoast SEO plugin v21.4 - https:\/\/yoast.com\/wordpress\/plugins\/seo\/ -->\n<title>Zapytanie o zestaw - Magazyny energii, fotowoltaika<\/title>\n<meta name=\"robots\" content=\"noindex, follow\" \/>\n<meta property=\"og:locale\" content=\"pl_PL\" \/>\n<meta property=\"og:type\" content=\"article\" \/>\n<meta property=\"og:title\" content=\"Zapytanie o zestaw - Magazyny energii, fotowoltaika\" \/>\n<meta property=\"og:url\" content=\"https:\/\/fwinstal.pl\/blog\/zamowienie\" \/>\n<meta property=\"og:site_name\" content=\"Magazyny energii, fotowoltaika\" \/>\n<meta property=\"article:publisher\" content=\"http:\/\/www.facebook.com\/fwinstal\/\" \/>\n<meta property=\"article:modified_time\" content=\"2017-03-13T19:27:37+00:00\" \/>\n<meta name=\"twitter:card\" content=\"summary_large_image\" \/>\n<script type=\"application\/ld+json\" class=\"yoast-schema-graph\">{\"@context\":\"https:\/\/schema.org\",\"@graph\":[{\"@type\":\"WebPage\",\"@id\":\"https:\/\/fwinstal.pl\/blog\/zamowienie\",\"url\":\"https:\/\/fwinstal.pl\/blog\/zamowienie\",\"name\":\"Zapytanie o zestaw - Magazyny energii, fotowoltaika\",\"isPartOf\":{\"@id\":\"https:\/\/fwinstal.pl\/blog\/#website\"},\"datePublished\":\"2015-11-05T15:54:03+00:00\",\"dateModified\":\"2017-03-13T19:27:37+00:00\",\"breadcrumb\":{\"@id\":\"https:\/\/fwinstal.pl\/blog\/zamowienie#breadcrumb\"},\"inLanguage\":\"pl-PL\",\"potentialAction\":[{\"@type\":\"ReadAction\",\"target\":[\"https:\/\/fwinstal.pl\/blog\/zamowienie\"]}]},{\"@type\":\"BreadcrumbList\",\"@id\":\"https:\/\/fwinstal.pl\/blog\/zamowienie#breadcrumb\",\"itemListElement\":[{\"@type\":\"ListItem\",\"position\":1,\"name\":\"Strona g\u0142\u00f3wna\",\"item\":\"https:\/\/fwinstal.pl\/blog\"},{\"@type\":\"ListItem\",\"position\":2,\"name\":\"Zapytanie o zestaw\"}]},{\"@type\":\"WebSite\",\"@id\":\"https:\/\/fwinstal.pl\/blog\/#website\",\"url\":\"https:\/\/fwinstal.pl\/blog\/\",\"name\":\"Magazyny energii, fotowoltaika\",\"description\":\"Magazyny energii, fotowoltaika - blog\",\"potentialAction\":[{\"@type\":\"SearchAction\",\"target\":{\"@type\":\"EntryPoint\",\"urlTemplate\":\"https:\/\/fwinstal.pl\/blog\/?s={search_term_string}\"},\"query-input\":\"required name=search_term_string\"}],\"inLanguage\":\"pl-PL\"}]}<\/script>\n<!-- \/ Yoast SEO plugin. -->","yoast_head_json":{"title":"Zapytanie o zestaw - Magazyny energii, fotowoltaika","robots":{"index":"noindex","follow":"follow"},"og_locale":"pl_PL","og_type":"article","og_title":"Zapytanie o zestaw - Magazyny energii, fotowoltaika","og_url":"https:\/\/fwinstal.pl\/blog\/zamowienie","og_site_name":"Magazyny energii, fotowoltaika","article_publisher":"http:\/\/www.facebook.com\/fwinstal\/","article_modified_time":"2017-03-13T19:27:37+00:00","twitter_card":"summary_large_image","schema":{"@context":"https:\/\/schema.org","@graph":[{"@type":"WebPage","@id":"https:\/\/fwinstal.pl\/blog\/zamowienie","url":"https:\/\/fwinstal.pl\/blog\/zamowienie","name":"Zapytanie o zestaw - Magazyny energii, fotowoltaika","isPartOf":{"@id":"https:\/\/fwinstal.pl\/blog\/#website"},"datePublished":"2015-11-05T15:54:03+00:00","dateModified":"2017-03-13T19:27:37+00:00","breadcrumb":{"@id":"https:\/\/fwinstal.pl\/blog\/zamowienie#breadcrumb"},"inLanguage":"pl-PL","potentialAction":[{"@type":"ReadAction","target":["https:\/\/fwinstal.pl\/blog\/zamowienie"]}]},{"@type":"BreadcrumbList","@id":"https:\/\/fwinstal.pl\/blog\/zamowienie#breadcrumb","itemListElement":[{"@type":"ListItem","position":1,"name":"Strona g\u0142\u00f3wna","item":"https:\/\/fwinstal.pl\/blog"},{"@type":"ListItem","position":2,"name":"Zapytanie o zestaw"}]},{"@type":"WebSite","@id":"https:\/\/fwinstal.pl\/blog\/#website","url":"https:\/\/fwinstal.pl\/blog\/","name":"Magazyny energii, fotowoltaika","description":"Magazyny energii, fotowoltaika - blog","potentialAction":[{"@type":"SearchAction","target":{"@type":"EntryPoint","urlTemplate":"https:\/\/fwinstal.pl\/blog\/?s={search_term_string}"},"query-input":"required name=search_term_string"}],"inLanguage":"pl-PL"}]}},"_links":{"self":[{"href":"https:\/\/fwinstal.pl\/blog\/wp-json\/wp\/v2\/pages\/104"}],"collection":[{"href":"https:\/\/fwinstal.pl\/blog\/wp-json\/wp\/v2\/pages"}],"about":[{"href":"https:\/\/fwinstal.pl\/blog\/wp-json\/wp\/v2\/types\/page"}],"author":[{"embeddable":true,"href":"https:\/\/fwinstal.pl\/blog\/wp-json\/wp\/v2\/users\/1"}],"replies":[{"embeddable":true,"href":"https:\/\/fwinstal.pl\/blog\/wp-json\/wp\/v2\/comments?post=104"}],"version-history":[{"count":11,"href":"https:\/\/fwinstal.pl\/blog\/wp-json\/wp\/v2\/pages\/104\/revisions"}],"predecessor-version":[{"id":280,"href":"https:\/\/fwinstal.pl\/blog\/wp-json\/wp\/v2\/pages\/104\/revisions\/280"}],"wp:attachment":[{"href":"https:\/\/fwinstal.pl\/blog\/wp-json\/wp\/v2\/media?parent=104"}],"curies":[{"name":"wp","href":"https:\/\/api.w.org\/{rel}","templated":true}]}}